{"id":8,"date":"2021-03-15T09:57:25","date_gmt":"2021-03-15T09:57:25","guid":{"rendered":"http:\/\/localhost\/convencionvarona\/tema1\/?page_id=7"},"modified":"2025-04-03T14:19:18","modified_gmt":"2025-04-03T14:19:18","slug":"simposio-1","status":"publish","type":"page","link":"http:\/\/eventos.ucpejv.edu.cu\/tema1\/simposio-1\/","title":{"rendered":"Simposio 1"},"content":{"rendered":"\t\t<div data-elementor-type=\"wp-page\" data-elementor-id=\"8\" class=\"elementor elementor-8\">\n\t\t\t\t\t\t<section class=\"elementor-section elementor-top-section elementor-element elementor-element-5740eca3 elementor-section-stretched elementor-section-boxed elementor-section-height-default elementor-section-height-default\" data-id=\"5740eca3\" data-element_type=\"section\" data-e-type=\"section\" data-settings=\"{&quot;stretch_section&quot;:&quot;section-stretched&quot;,&quot;background_background&quot;:&quot;classic&quot;,&quot;shape_divider_bottom&quot;:&quot;mountains&quot;}\">\n\t\t\t\t\t\t\t<div class=\"elementor-background-overlay\"><\/div>\n\t\t\t\t\t\t<div class=\"elementor-shape elementor-shape-bottom\" aria-hidden=\"true\" data-negative=\"false\">\n\t\t\t<svg xmlns=\"http:\/\/www.w3.org\/2000\/svg\" viewBox=\"0 0 1000 100\" preserveAspectRatio=\"none\">\n\t<path class=\"elementor-shape-fill\" opacity=\"0.33\" d=\"M473,67.3c-203.9,88.3-263.1-34-320.3,0C66,119.1,0,59.7,0,59.7V0h1000v59.7 c0,0-62.1,26.1-94.9,29.3c-32.8,3.3-62.8-12.3-75.8-22.1C806,49.6,745.3,8.7,694.9,4.7S492.4,59,473,67.3z\"\/>\n\t<path class=\"elementor-shape-fill\" opacity=\"0.66\" d=\"M734,67.3c-45.5,0-77.2-23.2-129.1-39.1c-28.6-8.7-150.3-10.1-254,39.1 s-91.7-34.4-149.2,0C115.7,118.3,0,39.8,0,39.8V0h1000v36.5c0,0-28.2-18.5-92.1-18.5C810.2,18.1,775.7,67.3,734,67.3z\"\/>\n\t<path class=\"elementor-shape-fill\" d=\"M766.1,28.9c-200-57.5-266,65.5-395.1,19.5C242,1.8,242,5.4,184.8,20.6C128,35.8,132.3,44.9,89.9,52.5C28.6,63.7,0,0,0,0 h1000c0,0-9.9,40.9-83.6,48.1S829.6,47,766.1,28.9z\"\/>\n<\/svg>\t\t<\/div>\n\t\t\t\t\t<div class=\"elementor-container elementor-column-gap-default\">\n\t\t\t\t\t<div class=\"elementor-column elementor-col-100 elementor-top-column elementor-element elementor-element-52df3ad0\" data-id=\"52df3ad0\" data-element_type=\"column\" data-e-type=\"column\">\n\t\t\t<div class=\"elementor-widget-wrap elementor-element-populated\">\n\t\t\t\t\t\t<div class=\"elementor-element elementor-element-829e750 elementor-widget elementor-widget-heading\" data-id=\"829e750\" data-element_type=\"widget\" data-e-type=\"widget\" data-widget_type=\"heading.default\">\n\t\t\t\t<div class=\"elementor-widget-container\">\n\t\t\t\t\t<h2 class=\"elementor-heading-title elementor-size-default\">Simposio 1: La formaci\u00f3n integral y continua del profesional de la educaci\u00f3n en el v\u00ednculo universidad \u2013 sociedad<\/h2>\t\t\t\t<\/div>\n\t\t\t\t<\/div>\n\t\t\t\t<div class=\"elementor-element elementor-element-3f086d4 elementor-widget elementor-widget-video\" data-id=\"3f086d4\" data-element_type=\"widget\" data-e-type=\"widget\" data-settings=\"{&quot;youtube_url&quot;:&quot;https:\\\/\\\/youtu.be\\\/LeDCZlOR_SI&quot;,&quot;show_image_overlay&quot;:&quot;yes&quot;,&quot;image_overlay&quot;:{&quot;url&quot;:&quot;http:\\\/\\\/eventos.ucpejv.edu.cu\\\/tema1\\\/wp-content\\\/uploads\\\/sites\\\/2\\\/2023\\\/04\\\/Pantallas.jpg&quot;,&quot;id&quot;:404,&quot;size&quot;:&quot;&quot;,&quot;alt&quot;:&quot;&quot;,&quot;source&quot;:&quot;library&quot;},&quot;video_type&quot;:&quot;youtube&quot;,&quot;controls&quot;:&quot;yes&quot;}\" data-widget_type=\"video.default\">\n\t\t\t\t<div class=\"elementor-widget-container\">\n\t\t\t\t\t\t\t<div class=\"elementor-wrapper elementor-open-inline\">\n\t\t\t<div class=\"elementor-video\"><\/div>\t\t\t\t<div class=\"elementor-custom-embed-image-overlay\" style=\"background-image: url(http:\/\/eventos.ucpejv.edu.cu\/tema1\/wp-content\/uploads\/sites\/2\/2023\/04\/Pantallas.jpg);\">\n\t\t\t\t\t\t\t\t\t\t\t\t\t\t\t\t<div class=\"elementor-custom-embed-play\" role=\"button\" aria-label=\"Reproducir v\u00eddeo\" tabindex=\"0\">\n\t\t\t\t\t\t\t<i aria-hidden=\"true\" class=\"eicon-play\"><\/i>\t\t\t\t\t\t<\/div>\n\t\t\t\t\t\t\t\t\t<\/div>\n\t\t\t\t\t<\/div>\n\t\t\t\t\t\t<\/div>\n\t\t\t\t<\/div>\n\t\t\t\t<div class=\"elementor-element elementor-element-873ce4b elementor-widget elementor-widget-text-editor\" data-id=\"873ce4b\" data-element_type=\"widget\" data-e-type=\"widget\" data-widget_type=\"text-editor.default\">\n\t\t\t\t<div class=\"elementor-widget-container\">\n\t\t\t\t\t\t\t\t\t<h3><span style=\"color: #ffffff;\">TALLERES:<\/span><br \/><span style=\"color: #ffffff;\">\u2981 El perfeccionamiento de la formaci\u00f3n integral y continua de los profesionales de la educaci\u00f3n.<\/span><br \/><span style=\"color: #ffffff;\">Coordinadora: <\/span><\/h3>\n<h3><span style=\"color: #ffffff;\">Dr. C. Isel Viviana Parra Vigo<\/span><\/h3>\n<h3><span style=\"color: #ffffff;\">\u2981 La orientaci\u00f3n vocacional y profesional pedag\u00f3gica.<\/span><br \/><span style=\"color: #ffffff;\">Coordinador: <\/span><\/h3>\n<h3><span style=\"color: #ffffff;\">Dr. C. Jorge Lu\u00eds Del Pino Calder\u00f3n<\/span><\/h3>\n<h3><span style=\"color: #ffffff;\">\u2981 La formaci\u00f3n \u00e9tica, est\u00e9tica, axiol\u00f3gica, moral y ciudadana de los profesionales de la educaci\u00f3n.<\/span><br \/><span style=\"color: #ffffff;\">Coordinadoras: <\/span><\/h3>\n<h3><span style=\"color: #ffffff;\">Dr. C. Nancy Luc\u00eda Chac\u00f3n Arteaga<\/span><br \/><span style=\"color: #ffffff;\">Dr. C. Paula Ma. S\u00e1nchez Ortega<\/span><\/h3>\n<h3><span style=\"color: #ffffff;\">\u2981 La pedagog\u00eda y la did\u00e1ctica en la escuela cubana. Las did\u00e1cticas particulares para la formaci\u00f3n integral del profesional de la educaci\u00f3n.<\/span><br \/><span style=\"color: #ffffff;\">Coordinadoras: <\/span><\/h3>\n<h3><span style=\"color: #ffffff;\">Dr. C. Mar\u00eda Teresa Ferrer Madrazo<\/span><br \/><span style=\"color: #ffffff;\">Dr. C. Dianelis \u00c1lvarez Bonet<\/span><\/h3>\t\t\t\t\t\t\t\t<\/div>\n\t\t\t\t<\/div>\n\t\t\t\t<div class=\"elementor-element elementor-element-352acb7 elementor-align-center elementor-absolute elementor-widget elementor-widget-button\" data-id=\"352acb7\" data-element_type=\"widget\" data-e-type=\"widget\" data-settings=\"{&quot;_position&quot;:&quot;absolute&quot;}\" data-widget_type=\"button.default\">\n\t\t\t\t<div class=\"elementor-widget-container\">\n\t\t\t\t\t\t\t\t\t<div class=\"elementor-button-wrapper\">\n\t\t\t\t\t<a class=\"elementor-button elementor-button-link elementor-size-sm\" href=\"http:\/\/eventos.ucpejv.edu.cu\/tema1\/ponencias-3\/\">\n\t\t\t\t\t\t<span class=\"elementor-button-content-wrapper\">\n\t\t\t\t\t\t\t\t\t<span class=\"elementor-button-text\">Ponencias<\/span>\n\t\t\t\t\t<\/span>\n\t\t\t\t\t<\/a>\n\t\t\t\t<\/div>\n\t\t\t\t\t\t\t\t<\/div>\n\t\t\t\t<\/div>\n\t\t\t\t<section class=\"elementor-section elementor-inner-section elementor-element elementor-element-42ccb13 elementor-section-boxed elementor-section-height-default elementor-section-height-default\" data-id=\"42ccb13\" data-element_type=\"section\" data-e-type=\"section\">\n\t\t\t\t\t\t<div class=\"elementor-container elementor-column-gap-default\">\n\t\t\t\t\t<div class=\"elementor-column elementor-col-100 elementor-inner-column elementor-element elementor-element-fe1e9d0\" data-id=\"fe1e9d0\" data-element_type=\"column\" data-e-type=\"column\">\n\t\t\t<div class=\"elementor-widget-wrap\">\n\t\t\t\t\t\t\t<\/div>\n\t\t<\/div>\n\t\t\t\t\t<\/div>\n\t\t<\/section>\n\t\t\t\t<div class=\"elementor-element elementor-element-8dcfde3 elementor-widget-divider--view-line elementor-widget elementor-widget-divider\" data-id=\"8dcfde3\" data-element_type=\"widget\" data-e-type=\"widget\" data-widget_type=\"divider.default\">\n\t\t\t\t<div class=\"elementor-widget-container\">\n\t\t\t\t\t\t\t<div class=\"elementor-divider\">\n\t\t\t<span class=\"elementor-divider-separator\">\n\t\t\t\t\t\t<\/span>\n\t\t<\/div>\n\t\t\t\t\t\t<\/div>\n\t\t\t\t<\/div>\n\t\t\t\t\t<\/div>\n\t\t<\/div>\n\t\t\t\t\t<\/div>\n\t\t<\/section>\n\t\t\t\t<\/div>\n\t\t","protected":false},"excerpt":{"rendered":"<p>Simposio 1: La formaci\u00f3n integral y continua del profesional de la educaci\u00f3n en el v\u00ednculo universidad \u2013 sociedad https:\/\/youtu.be\/LeDCZlOR_SI TALLERES:\u2981 El perfeccionamiento de la formaci\u00f3n integral y continua de los profesionales de la educaci\u00f3n.Coordinadora: Dr. C. Isel Viviana Parra Vigo \u2981 La orientaci\u00f3n vocacional y profesional pedag\u00f3gica.Coordinador: Dr. C. Jorge Lu\u00eds Del Pino Calder\u00f3n \u2981 [&hellip;]<\/p>\n","protected":false},"author":1,"featured_media":0,"parent":0,"menu_order":0,"comment_status":"closed","ping_status":"closed","template":"","meta":{"_bbp_topic_count":0,"_bbp_reply_count":0,"_bbp_total_topic_count":0,"_bbp_total_reply_count":0,"_bbp_voice_count":0,"_bbp_anonymous_reply_count":0,"_bbp_topic_count_hidden":0,"_bbp_reply_count_hidden":0,"_bbp_forum_subforum_count":0,"_crdt_document":"","_uag_custom_page_level_css":"","footnotes":""},"class_list":["post-8","page","type-page","status-publish","hentry","has-post-title","has-post-date","has-post-category","has-post-tag","has-post-comment","has-post-author",""],"uagb_featured_image_src":{"full":false,"thumbnail":false,"medium":false,"medium_large":false,"large":false,"1536x1536":false,"2048x2048":false},"uagb_author_info":{"display_name":"admin","author_link":"http:\/\/eventos.ucpejv.edu.cu\/tema1\/author\/admin\/"},"uagb_comment_info":0,"uagb_excerpt":"Simposio 1: La formaci\u00f3n integral y continua del profesional de la educaci\u00f3n en el v\u00ednculo universidad \u2013 sociedad https:\/\/youtu.be\/LeDCZlOR_SI TALLERES:\u2981 El perfeccionamiento de la formaci\u00f3n integral y continua de los profesionales de la educaci\u00f3n.Coordinadora: Dr. C. Isel Viviana Parra Vigo \u2981 La orientaci\u00f3n vocacional y profesional pedag\u00f3gica.Coordinador: Dr. C. Jorge Lu\u00eds Del Pino Calder\u00f3n \u2981&hellip;","_links":{"self":[{"href":"http:\/\/eventos.ucpejv.edu.cu\/tema1\/wp-json\/wp\/v2\/pages\/8","targetHints":{"allow":["GET"]}}],"collection":[{"href":"http:\/\/eventos.ucpejv.edu.cu\/tema1\/wp-json\/wp\/v2\/pages"}],"about":[{"href":"http:\/\/eventos.ucpejv.edu.cu\/tema1\/wp-json\/wp\/v2\/types\/page"}],"author":[{"embeddable":true,"href":"http:\/\/eventos.ucpejv.edu.cu\/tema1\/wp-json\/wp\/v2\/users\/1"}],"replies":[{"embeddable":true,"href":"http:\/\/eventos.ucpejv.edu.cu\/tema1\/wp-json\/wp\/v2\/comments?post=8"}],"version-history":[{"count":120,"href":"http:\/\/eventos.ucpejv.edu.cu\/tema1\/wp-json\/wp\/v2\/pages\/8\/revisions"}],"predecessor-version":[{"id":795,"href":"http:\/\/eventos.ucpejv.edu.cu\/tema1\/wp-json\/wp\/v2\/pages\/8\/revisions\/795"}],"wp:attachment":[{"href":"http:\/\/eventos.ucpejv.edu.cu\/tema1\/wp-json\/wp\/v2\/media?parent=8"}],"curies":[{"name":"wp","href":"https:\/\/api.w.org\/{rel}","templated":true}]}}

<div data-elementor-type="wp-page" data-elementor-id="8" class="elementor elementor-8">
						<section class="elementor-section elementor-top-section elementor-element elementor-element-5740eca3 elementor-section-stretched elementor-section-boxed elementor-section-height-default elementor-section-height-default" data-id="5740eca3" data-element_type="section" data-e-type="section" data-settings="{&quot;stretch_section&quot;:&quot;section-stretched&quot;,&quot;background_background&quot;:&quot;classic&quot;,&quot;shape_divider_bottom&quot;:&quot;mountains&quot;}">
							<div class="elementor-background-overlay"></div>
						<div class="elementor-shape elementor-shape-bottom" aria-hidden="true" data-negative="false">
			<svg xmlns="http://www.w3.org/2000/svg" viewBox="0 0 1000 100" preserveAspectRatio="none">
	<path class="elementor-shape-fill" opacity="0.33" d="M473,67.3c-203.9,88.3-263.1-34-320.3,0C66,119.1,0,59.7,0,59.7V0h1000v59.7 c0,0-62.1,26.1-94.9,29.3c-32.8,3.3-62.8-12.3-75.8-22.1C806,49.6,745.3,8.7,694.9,4.7S492.4,59,473,67.3z"/>
	<path class="elementor-shape-fill" opacity="0.66" d="M734,67.3c-45.5,0-77.2-23.2-129.1-39.1c-28.6-8.7-150.3-10.1-254,39.1 s-91.7-34.4-149.2,0C115.7,118.3,0,39.8,0,39.8V0h1000v36.5c0,0-28.2-18.5-92.1-18.5C810.2,18.1,775.7,67.3,734,67.3z"/>
	<path class="elementor-shape-fill" d="M766.1,28.9c-200-57.5-266,65.5-395.1,19.5C242,1.8,242,5.4,184.8,20.6C128,35.8,132.3,44.9,89.9,52.5C28.6,63.7,0,0,0,0 h1000c0,0-9.9,40.9-83.6,48.1S829.6,47,766.1,28.9z"/>
</svg>		</div>
					<div class="elementor-container elementor-column-gap-default">
					<div class="elementor-column elementor-col-100 elementor-top-column elementor-element elementor-element-52df3ad0" data-id="52df3ad0" data-element_type="column" data-e-type="column">
			<div class="elementor-widget-wrap elementor-element-populated">
						<div class="elementor-element elementor-element-829e750 elementor-widget elementor-widget-heading" data-id="829e750" data-element_type="widget" data-e-type="widget" data-widget_type="heading.default">
				<div class="elementor-widget-container">
					<h2 class="elementor-heading-title elementor-size-default">Simposio 1: La formación integral y continua del profesional de la educación en el vínculo universidad – sociedad</h2>				</div>
				</div>
				<div class="elementor-element elementor-element-3f086d4 elementor-widget elementor-widget-video" data-id="3f086d4" data-element_type="widget" data-e-type="widget" data-settings="{&quot;youtube_url&quot;:&quot;https:\/\/youtu.be\/LeDCZlOR_SI&quot;,&quot;show_image_overlay&quot;:&quot;yes&quot;,&quot;image_overlay&quot;:{&quot;url&quot;:&quot;http:\/\/eventos.ucpejv.edu.cu\/tema1\/wp-content\/uploads\/sites\/2\/2023\/04\/Pantallas.jpg&quot;,&quot;id&quot;:404,&quot;size&quot;:&quot;&quot;,&quot;alt&quot;:&quot;&quot;,&quot;source&quot;:&quot;library&quot;},&quot;video_type&quot;:&quot;youtube&quot;,&quot;controls&quot;:&quot;yes&quot;}" data-widget_type="video.default">
				<div class="elementor-widget-container">
							<div class="elementor-wrapper elementor-open-inline">
			<div class="elementor-video"></div>				<div class="elementor-custom-embed-image-overlay" style="background-image: url(http://eventos.ucpejv.edu.cu/tema1/wp-content/uploads/sites/2/2023/04/Pantallas.jpg);">
																<div class="elementor-custom-embed-play" role="button" aria-label="Reproducir vídeo" tabindex="0">
							<i aria-hidden="true" class="eicon-play"></i>						</div>
									</div>
					</div>
						</div>
				</div>
				<div class="elementor-element elementor-element-873ce4b elementor-widget elementor-widget-text-editor" data-id="873ce4b" data-element_type="widget" data-e-type="widget" data-widget_type="text-editor.default">
				<div class="elementor-widget-container">
									<h3><span style="color: #ffffff;">TALLERES:</span><br /><span style="color: #ffffff;">⦁ El perfeccionamiento de la formación integral y continua de los profesionales de la educación.</span><br /><span style="color: #ffffff;">Coordinadora: </span></h3>
<h3><span style="color: #ffffff;">Dr. C. Isel Viviana Parra Vigo</span></h3>
<h3><span style="color: #ffffff;">⦁ La orientación vocacional y profesional pedagógica.</span><br /><span style="color: #ffffff;">Coordinador: </span></h3>
<h3><span style="color: #ffffff;">Dr. C. Jorge Luís Del Pino Calderón</span></h3>
<h3><span style="color: #ffffff;">⦁ La formación ética, estética, axiológica, moral y ciudadana de los profesionales de la educación.</span><br /><span style="color: #ffffff;">Coordinadoras: </span></h3>
<h3><span style="color: #ffffff;">Dr. C. Nancy Lucía Chacón Arteaga</span><br /><span style="color: #ffffff;">Dr. C. Paula Ma. Sánchez Ortega</span></h3>
<h3><span style="color: #ffffff;">⦁ La pedagogía y la didáctica en la escuela cubana. Las didácticas particulares para la formación integral del profesional de la educación.</span><br /><span style="color: #ffffff;">Coordinadoras: </span></h3>
<h3><span style="color: #ffffff;">Dr. C. María Teresa Ferrer Madrazo</span><br /><span style="color: #ffffff;">Dr. C. Dianelis Álvarez Bonet</span></h3>								</div>
				</div>
				<div class="elementor-element elementor-element-352acb7 elementor-align-center elementor-absolute elementor-widget elementor-widget-button" data-id="352acb7" data-element_type="widget" data-e-type="widget" data-settings="{&quot;_position&quot;:&quot;absolute&quot;}" data-widget_type="button.default">
				<div class="elementor-widget-container">
									<div class="elementor-button-wrapper">
					<a class="elementor-button elementor-button-link elementor-size-sm" href="http://eventos.ucpejv.edu.cu/tema1/ponencias-3/">
						<span class="elementor-button-content-wrapper">
									<span class="elementor-button-text">Ponencias</span>
					</span>
					</a>
				</div>
								</div>
				</div>
				<section class="elementor-section elementor-inner-section elementor-element elementor-element-42ccb13 elementor-section-boxed elementor-section-height-default elementor-section-height-default" data-id="42ccb13" data-element_type="section" data-e-type="section">
						<div class="elementor-container elementor-column-gap-default">
					<div class="elementor-column elementor-col-100 elementor-inner-column elementor-element elementor-element-fe1e9d0" data-id="fe1e9d0" data-element_type="column" data-e-type="column">
			<div class="elementor-widget-wrap">
							</div>
		</div>
					</div>
		</section>
				<div class="elementor-element elementor-element-8dcfde3 elementor-widget-divider--view-line elementor-widget elementor-widget-divider" data-id="8dcfde3" data-element_type="widget" data-e-type="widget" data-widget_type="divider.default">
				<div class="elementor-widget-container">
							<div class="elementor-divider">
			<span class="elementor-divider-separator">
						</span>
		</div>
						</div>
				</div>
					</div>
		</div>
					</div>
		</section>
				</div>

<p>Simposio 1: La formación integral y continua del profesional de la educación en el vínculo universidad – sociedad https://youtu.be/LeDCZlOR_SI TALLERES:⦁ El perfeccionamiento de la formación integral y continua de los profesionales de la educación.Coordinadora: Dr. C. Isel Viviana Parra Vigo ⦁ La orientación vocacional y profesional pedagógica.Coordinador: Dr. C. Jorge Luís Del Pino Calderón ⦁ [&hellip;]</p>

Simposio 1: La formación integral y continua del profesional de la educación en el vínculo universidad – sociedad https://youtu.be/LeDCZlOR_SI TALLERES:⦁ El perfeccionamiento de la formación integral y continua de los profesionales de la educación.Coordinadora: Dr. C. Isel Viviana Parra Vigo ⦁ La orientación vocacional y profesional pedagógica.Coordinador: Dr. C. Jorge Luís Del Pino Calderón ⦁&hellip;
