{"id":414,"date":"2024-11-19T19:18:57","date_gmt":"2024-11-19T19:18:57","guid":{"rendered":"http:\/\/eventos.ucpejv.edu.cu\/tema2\/?page_id=414"},"modified":"2025-04-03T14:20:56","modified_gmt":"2025-04-03T14:20:56","slug":"simposio-2","status":"publish","type":"page","link":"http:\/\/eventos.ucpejv.edu.cu\/tema2\/simposio-2\/","title":{"rendered":"Simposio 2"},"content":{"rendered":"\t\t<div data-elementor-type=\"wp-page\" data-elementor-id=\"414\" class=\"elementor elementor-414\">\n\t\t\t\t\t\t<section class=\"elementor-section elementor-top-section elementor-element elementor-element-9d1c52d elementor-section-boxed elementor-section-height-default elementor-section-height-default\" data-id=\"9d1c52d\" data-element_type=\"section\" data-e-type=\"section\" data-settings=\"{&quot;background_background&quot;:&quot;classic&quot;,&quot;shape_divider_bottom&quot;:&quot;mountains&quot;}\">\n\t\t\t\t\t\t\t<div class=\"elementor-background-overlay\"><\/div>\n\t\t\t\t\t\t<div class=\"elementor-shape elementor-shape-bottom\" aria-hidden=\"true\" data-negative=\"false\">\n\t\t\t<svg xmlns=\"http:\/\/www.w3.org\/2000\/svg\" viewBox=\"0 0 1000 100\" preserveAspectRatio=\"none\">\n\t<path class=\"elementor-shape-fill\" opacity=\"0.33\" d=\"M473,67.3c-203.9,88.3-263.1-34-320.3,0C66,119.1,0,59.7,0,59.7V0h1000v59.7 c0,0-62.1,26.1-94.9,29.3c-32.8,3.3-62.8-12.3-75.8-22.1C806,49.6,745.3,8.7,694.9,4.7S492.4,59,473,67.3z\"\/>\n\t<path class=\"elementor-shape-fill\" opacity=\"0.66\" d=\"M734,67.3c-45.5,0-77.2-23.2-129.1-39.1c-28.6-8.7-150.3-10.1-254,39.1 s-91.7-34.4-149.2,0C115.7,118.3,0,39.8,0,39.8V0h1000v36.5c0,0-28.2-18.5-92.1-18.5C810.2,18.1,775.7,67.3,734,67.3z\"\/>\n\t<path class=\"elementor-shape-fill\" d=\"M766.1,28.9c-200-57.5-266,65.5-395.1,19.5C242,1.8,242,5.4,184.8,20.6C128,35.8,132.3,44.9,89.9,52.5C28.6,63.7,0,0,0,0 h1000c0,0-9.9,40.9-83.6,48.1S829.6,47,766.1,28.9z\"\/>\n<\/svg>\t\t<\/div>\n\t\t\t\t\t<div class=\"elementor-container elementor-column-gap-default\">\n\t\t\t\t\t<div class=\"elementor-column elementor-col-100 elementor-top-column elementor-element elementor-element-d1001e3\" data-id=\"d1001e3\" data-element_type=\"column\" data-e-type=\"column\">\n\t\t\t<div class=\"elementor-widget-wrap elementor-element-populated\">\n\t\t\t\t\t\t<div class=\"elementor-element elementor-element-f79c843 elementor-widget elementor-widget-heading\" data-id=\"f79c843\" data-element_type=\"widget\" data-e-type=\"widget\" data-widget_type=\"heading.default\">\n\t\t\t\t<div class=\"elementor-widget-container\">\n\t\t\t\t\t<h2 class=\"elementor-heading-title elementor-size-default\">Simposio 2: Regularidades y tendencias de las ciencias de la educaci\u00f3n para implementar las pol\u00edticas p\u00fablicas<\/h2>\t\t\t\t<\/div>\n\t\t\t\t<\/div>\n\t\t\t\t<div class=\"elementor-element elementor-element-67acf51 elementor-widget elementor-widget-video\" data-id=\"67acf51\" data-element_type=\"widget\" data-e-type=\"widget\" data-settings=\"{&quot;youtube_url&quot;:&quot;https:\\\/\\\/youtu.be\\\/92HWRFBbqhI&quot;,&quot;video_type&quot;:&quot;youtube&quot;,&quot;controls&quot;:&quot;yes&quot;}\" data-widget_type=\"video.default\">\n\t\t\t\t<div class=\"elementor-widget-container\">\n\t\t\t\t\t\t\t<div class=\"elementor-wrapper elementor-open-inline\">\n\t\t\t<div class=\"elementor-video\"><\/div>\t\t<\/div>\n\t\t\t\t\t\t<\/div>\n\t\t\t\t<\/div>\n\t\t\t\t<div class=\"elementor-element elementor-element-c3728a0 elementor-widget elementor-widget-text-editor\" data-id=\"c3728a0\" data-element_type=\"widget\" data-e-type=\"widget\" data-widget_type=\"text-editor.default\">\n\t\t\t\t<div class=\"elementor-widget-container\">\n\t\t\t\t\t\t\t\t\t<h2 style=\"text-align: center;\"><span style=\"color: #ffffff;\">Talleres<\/span><\/h2><h3><span style=\"color: #ffffff;\">\u2981 La educaci\u00f3n ambiental y energ\u00e9tica.<\/span><\/h3><h3><span style=\"color: #ffffff;\">Coordinadores: Dr.C. Amparo Osorio Abad<\/span><br \/><span style=\"color: #ffffff;\">Dr. C. Francisco Pedroso Camejo<\/span><\/h3><h3><span style=\"color: #ffffff;\">\u2981 La transformaci\u00f3n digital en la educaci\u00f3n.<\/span><br \/><span style=\"color: #ffffff;\">Coordinadoras: Dr. C. Georgina D\u00edaz Fern\u00e1ndez<\/span><br \/><span style=\"color: #ffffff;\">Dr. C. Yeny Ota\u00f1o Aguilera<\/span><\/h3><h3><span style=\"color: #ffffff;\">\u2981 La atenci\u00f3n educativa a la diversidad en la educaci\u00f3n.<\/span><br \/><span style=\"color: #ffffff;\">Coordinadoras: Dr. C. Eulalia Travieso Leal<\/span><br \/><span style=\"color: #ffffff;\">Dr. C. Yanay Cort\u00e9s D\u00edaz<\/span><\/h3><h3><span style=\"color: #ffffff;\">\u2981 La gesti\u00f3n de la informaci\u00f3n cient\u00edfico t\u00e9cnica.<\/span><br \/><span style=\"color: #ffffff;\">Coordinadoras: Dr. C. Elsa Margarita Soto Saez<\/span><br \/><span style=\"color: #ffffff;\">Dr. C. Yanet Dom\u00ednguez Albear<\/span><\/h3><h3><span style=\"color: #ffffff;\">\u2981 La educaci\u00f3n para la salud, el g\u00e9nero y la sexualidad.<\/span><br \/><span style=\"color: #ffffff;\">Coordinadores: Dr. C. \u00c1ngela Elena Su\u00e1rez Est\u00e9vez<\/span><br \/><span style=\"color: #ffffff;\">Dr. C. Alcides Alejandro Roca Zayas<\/span><\/h3>\t\t\t\t\t\t\t\t<\/div>\n\t\t\t\t<\/div>\n\t\t\t\t<div class=\"elementor-element elementor-element-1fb1408 elementor-align-center elementor-widget elementor-widget-button\" data-id=\"1fb1408\" data-element_type=\"widget\" data-e-type=\"widget\" data-widget_type=\"button.default\">\n\t\t\t\t<div class=\"elementor-widget-container\">\n\t\t\t\t\t\t\t\t\t<div class=\"elementor-button-wrapper\">\n\t\t\t\t\t<a class=\"elementor-button elementor-button-link elementor-size-sm\" href=\"http:\/\/eventos.ucpejv.edu.cu\/tema2\/ponencias-3\/\">\n\t\t\t\t\t\t<span class=\"elementor-button-content-wrapper\">\n\t\t\t\t\t\t\t\t\t<span class=\"elementor-button-text\">Ponencias<\/span>\n\t\t\t\t\t<\/span>\n\t\t\t\t\t<\/a>\n\t\t\t\t<\/div>\n\t\t\t\t\t\t\t\t<\/div>\n\t\t\t\t<\/div>\n\t\t\t\t<div class=\"elementor-element elementor-element-7ae89a1 elementor-widget-divider--view-line elementor-widget elementor-widget-divider\" data-id=\"7ae89a1\" data-element_type=\"widget\" data-e-type=\"widget\" data-widget_type=\"divider.default\">\n\t\t\t\t<div class=\"elementor-widget-container\">\n\t\t\t\t\t\t\t<div class=\"elementor-divider\">\n\t\t\t<span class=\"elementor-divider-separator\">\n\t\t\t\t\t\t<\/span>\n\t\t<\/div>\n\t\t\t\t\t\t<\/div>\n\t\t\t\t<\/div>\n\t\t\t\t<section class=\"elementor-section elementor-inner-section elementor-element elementor-element-1f47748 elementor-section-boxed elementor-section-height-default elementor-section-height-default\" data-id=\"1f47748\" data-element_type=\"section\" data-e-type=\"section\">\n\t\t\t\t\t\t<div class=\"elementor-container elementor-column-gap-default\">\n\t\t\t\t\t<div class=\"elementor-column elementor-col-100 elementor-inner-column elementor-element elementor-element-16db7a8\" data-id=\"16db7a8\" data-element_type=\"column\" data-e-type=\"column\">\n\t\t\t<div class=\"elementor-widget-wrap\">\n\t\t\t\t\t\t\t<\/div>\n\t\t<\/div>\n\t\t\t\t\t<\/div>\n\t\t<\/section>\n\t\t\t\t\t<\/div>\n\t\t<\/div>\n\t\t\t\t\t<\/div>\n\t\t<\/section>\n\t\t\t\t<\/div>\n\t\t","protected":false},"excerpt":{"rendered":"<p>Simposio 2: Regularidades y tendencias de las ciencias de la educaci\u00f3n para implementar las pol\u00edticas p\u00fablicas https:\/\/youtu.be\/92HWRFBbqhI Talleres \u2981 La educaci\u00f3n ambiental y energ\u00e9tica. Coordinadores: Dr.C. Amparo Osorio AbadDr. C. Francisco Pedroso Camejo \u2981 La transformaci\u00f3n digital en la educaci\u00f3n.Coordinadoras: Dr. C. Georgina D\u00edaz Fern\u00e1ndezDr. C. Yeny Ota\u00f1o Aguilera \u2981 La atenci\u00f3n educativa a la [&hellip;]<\/p>\n","protected":false},"author":1,"featured_media":0,"parent":0,"menu_order":0,"comment_status":"closed","ping_status":"closed","template":"","meta":{"_bbp_topic_count":0,"_bbp_reply_count":0,"_bbp_total_topic_count":0,"_bbp_total_reply_count":0,"_bbp_voice_count":0,"_bbp_anonymous_reply_count":0,"_bbp_topic_count_hidden":0,"_bbp_reply_count_hidden":0,"_bbp_forum_subforum_count":0,"_crdt_document":"","_uag_custom_page_level_css":"","footnotes":""},"class_list":["post-414","page","type-page","status-publish","hentry","has-post-title","has-post-date","has-post-category","has-post-tag","has-post-comment","has-post-author",""],"uagb_featured_image_src":{"full":false,"thumbnail":false,"medium":false,"medium_large":false,"large":false,"1536x1536":false,"2048x2048":false},"uagb_author_info":{"display_name":"admin","author_link":"http:\/\/eventos.ucpejv.edu.cu\/tema2\/author\/admin\/"},"uagb_comment_info":0,"uagb_excerpt":"Simposio 2: Regularidades y tendencias de las ciencias de la educaci\u00f3n para implementar las pol\u00edticas p\u00fablicas https:\/\/youtu.be\/92HWRFBbqhI Talleres \u2981 La educaci\u00f3n ambiental y energ\u00e9tica. Coordinadores: Dr.C. Amparo Osorio AbadDr. C. Francisco Pedroso Camejo \u2981 La transformaci\u00f3n digital en la educaci\u00f3n.Coordinadoras: Dr. C. Georgina D\u00edaz Fern\u00e1ndezDr. C. Yeny Ota\u00f1o Aguilera \u2981 La atenci\u00f3n educativa a la&hellip;","_links":{"self":[{"href":"http:\/\/eventos.ucpejv.edu.cu\/tema2\/wp-json\/wp\/v2\/pages\/414","targetHints":{"allow":["GET"]}}],"collection":[{"href":"http:\/\/eventos.ucpejv.edu.cu\/tema2\/wp-json\/wp\/v2\/pages"}],"about":[{"href":"http:\/\/eventos.ucpejv.edu.cu\/tema2\/wp-json\/wp\/v2\/types\/page"}],"author":[{"embeddable":true,"href":"http:\/\/eventos.ucpejv.edu.cu\/tema2\/wp-json\/wp\/v2\/users\/1"}],"replies":[{"embeddable":true,"href":"http:\/\/eventos.ucpejv.edu.cu\/tema2\/wp-json\/wp\/v2\/comments?post=414"}],"version-history":[{"count":44,"href":"http:\/\/eventos.ucpejv.edu.cu\/tema2\/wp-json\/wp\/v2\/pages\/414\/revisions"}],"predecessor-version":[{"id":682,"href":"http:\/\/eventos.ucpejv.edu.cu\/tema2\/wp-json\/wp\/v2\/pages\/414\/revisions\/682"}],"wp:attachment":[{"href":"http:\/\/eventos.ucpejv.edu.cu\/tema2\/wp-json\/wp\/v2\/media?parent=414"}],"curies":[{"name":"wp","href":"https:\/\/api.w.org\/{rel}","templated":true}]}}

<div data-elementor-type="wp-page" data-elementor-id="414" class="elementor elementor-414">
						<section class="elementor-section elementor-top-section elementor-element elementor-element-9d1c52d elementor-section-boxed elementor-section-height-default elementor-section-height-default" data-id="9d1c52d" data-element_type="section" data-e-type="section" data-settings="{&quot;background_background&quot;:&quot;classic&quot;,&quot;shape_divider_bottom&quot;:&quot;mountains&quot;}">
							<div class="elementor-background-overlay"></div>
						<div class="elementor-shape elementor-shape-bottom" aria-hidden="true" data-negative="false">
			<svg xmlns="http://www.w3.org/2000/svg" viewBox="0 0 1000 100" preserveAspectRatio="none">
	<path class="elementor-shape-fill" opacity="0.33" d="M473,67.3c-203.9,88.3-263.1-34-320.3,0C66,119.1,0,59.7,0,59.7V0h1000v59.7 c0,0-62.1,26.1-94.9,29.3c-32.8,3.3-62.8-12.3-75.8-22.1C806,49.6,745.3,8.7,694.9,4.7S492.4,59,473,67.3z"/>
	<path class="elementor-shape-fill" opacity="0.66" d="M734,67.3c-45.5,0-77.2-23.2-129.1-39.1c-28.6-8.7-150.3-10.1-254,39.1 s-91.7-34.4-149.2,0C115.7,118.3,0,39.8,0,39.8V0h1000v36.5c0,0-28.2-18.5-92.1-18.5C810.2,18.1,775.7,67.3,734,67.3z"/>
	<path class="elementor-shape-fill" d="M766.1,28.9c-200-57.5-266,65.5-395.1,19.5C242,1.8,242,5.4,184.8,20.6C128,35.8,132.3,44.9,89.9,52.5C28.6,63.7,0,0,0,0 h1000c0,0-9.9,40.9-83.6,48.1S829.6,47,766.1,28.9z"/>
</svg>		</div>
					<div class="elementor-container elementor-column-gap-default">
					<div class="elementor-column elementor-col-100 elementor-top-column elementor-element elementor-element-d1001e3" data-id="d1001e3" data-element_type="column" data-e-type="column">
			<div class="elementor-widget-wrap elementor-element-populated">
						<div class="elementor-element elementor-element-f79c843 elementor-widget elementor-widget-heading" data-id="f79c843" data-element_type="widget" data-e-type="widget" data-widget_type="heading.default">
				<div class="elementor-widget-container">
					<h2 class="elementor-heading-title elementor-size-default">Simposio 2: Regularidades y tendencias de las ciencias de la educación para implementar las políticas públicas</h2>				</div>
				</div>
				<div class="elementor-element elementor-element-67acf51 elementor-widget elementor-widget-video" data-id="67acf51" data-element_type="widget" data-e-type="widget" data-settings="{&quot;youtube_url&quot;:&quot;https:\/\/youtu.be\/92HWRFBbqhI&quot;,&quot;video_type&quot;:&quot;youtube&quot;,&quot;controls&quot;:&quot;yes&quot;}" data-widget_type="video.default">
				<div class="elementor-widget-container">
							<div class="elementor-wrapper elementor-open-inline">
			<div class="elementor-video"></div>		</div>
						</div>
				</div>
				<div class="elementor-element elementor-element-c3728a0 elementor-widget elementor-widget-text-editor" data-id="c3728a0" data-element_type="widget" data-e-type="widget" data-widget_type="text-editor.default">
				<div class="elementor-widget-container">
									<h2 style="text-align: center;"><span style="color: #ffffff;">Talleres</span></h2><h3><span style="color: #ffffff;">⦁ La educación ambiental y energética.</span></h3><h3><span style="color: #ffffff;">Coordinadores: Dr.C. Amparo Osorio Abad</span><br /><span style="color: #ffffff;">Dr. C. Francisco Pedroso Camejo</span></h3><h3><span style="color: #ffffff;">⦁ La transformación digital en la educación.</span><br /><span style="color: #ffffff;">Coordinadoras: Dr. C. Georgina Díaz Fernández</span><br /><span style="color: #ffffff;">Dr. C. Yeny Otaño Aguilera</span></h3><h3><span style="color: #ffffff;">⦁ La atención educativa a la diversidad en la educación.</span><br /><span style="color: #ffffff;">Coordinadoras: Dr. C. Eulalia Travieso Leal</span><br /><span style="color: #ffffff;">Dr. C. Yanay Cortés Díaz</span></h3><h3><span style="color: #ffffff;">⦁ La gestión de la información científico técnica.</span><br /><span style="color: #ffffff;">Coordinadoras: Dr. C. Elsa Margarita Soto Saez</span><br /><span style="color: #ffffff;">Dr. C. Yanet Domínguez Albear</span></h3><h3><span style="color: #ffffff;">⦁ La educación para la salud, el género y la sexualidad.</span><br /><span style="color: #ffffff;">Coordinadores: Dr. C. Ángela Elena Suárez Estévez</span><br /><span style="color: #ffffff;">Dr. C. Alcides Alejandro Roca Zayas</span></h3>								</div>
				</div>
				<div class="elementor-element elementor-element-1fb1408 elementor-align-center elementor-widget elementor-widget-button" data-id="1fb1408" data-element_type="widget" data-e-type="widget" data-widget_type="button.default">
				<div class="elementor-widget-container">
									<div class="elementor-button-wrapper">
					<a class="elementor-button elementor-button-link elementor-size-sm" href="http://eventos.ucpejv.edu.cu/tema2/ponencias-3/">
						<span class="elementor-button-content-wrapper">
									<span class="elementor-button-text">Ponencias</span>
					</span>
					</a>
				</div>
								</div>
				</div>
				<div class="elementor-element elementor-element-7ae89a1 elementor-widget-divider--view-line elementor-widget elementor-widget-divider" data-id="7ae89a1" data-element_type="widget" data-e-type="widget" data-widget_type="divider.default">
				<div class="elementor-widget-container">
							<div class="elementor-divider">
			<span class="elementor-divider-separator">
						</span>
		</div>
						</div>
				</div>
				<section class="elementor-section elementor-inner-section elementor-element elementor-element-1f47748 elementor-section-boxed elementor-section-height-default elementor-section-height-default" data-id="1f47748" data-element_type="section" data-e-type="section">
						<div class="elementor-container elementor-column-gap-default">
					<div class="elementor-column elementor-col-100 elementor-inner-column elementor-element elementor-element-16db7a8" data-id="16db7a8" data-element_type="column" data-e-type="column">
			<div class="elementor-widget-wrap">
							</div>
		</div>
					</div>
		</section>
					</div>
		</div>
					</div>
		</section>
				</div>

<p>Simposio 2: Regularidades y tendencias de las ciencias de la educación para implementar las políticas públicas https://youtu.be/92HWRFBbqhI Talleres ⦁ La educación ambiental y energética. Coordinadores: Dr.C. Amparo Osorio AbadDr. C. Francisco Pedroso Camejo ⦁ La transformación digital en la educación.Coordinadoras: Dr. C. Georgina Díaz FernándezDr. C. Yeny Otaño Aguilera ⦁ La atención educativa a la [&hellip;]</p>

Simposio 2: Regularidades y tendencias de las ciencias de la educación para implementar las políticas públicas https://youtu.be/92HWRFBbqhI Talleres ⦁ La educación ambiental y energética. Coordinadores: Dr.C. Amparo Osorio AbadDr. C. Francisco Pedroso Camejo ⦁ La transformación digital en la educación.Coordinadoras: Dr. C. Georgina Díaz FernándezDr. C. Yeny Otaño Aguilera ⦁ La atención educativa a la&hellip;
