{"id":13,"date":"2021-03-15T10:36:24","date_gmt":"2021-03-15T10:36:24","guid":{"rendered":"http:\/\/localhost\/convencionvarona\/tema3\/?page_id=13"},"modified":"2025-04-03T14:21:40","modified_gmt":"2025-04-03T14:21:40","slug":"simposio-3","status":"publish","type":"page","link":"http:\/\/eventos.ucpejv.edu.cu\/tema3\/simposio-3\/","title":{"rendered":"Simposio 3"},"content":{"rendered":"\t\t<div data-elementor-type=\"wp-page\" data-elementor-id=\"13\" class=\"elementor elementor-13\">\n\t\t\t\t\t\t<section class=\"elementor-section elementor-top-section elementor-element elementor-element-2984f26 elementor-section-boxed elementor-section-height-default elementor-section-height-default\" data-id=\"2984f26\" data-element_type=\"section\" data-e-type=\"section\" data-settings=\"{&quot;background_background&quot;:&quot;classic&quot;,&quot;shape_divider_bottom&quot;:&quot;mountains&quot;}\">\n\t\t\t\t\t\t\t<div class=\"elementor-background-overlay\"><\/div>\n\t\t\t\t\t\t<div class=\"elementor-shape elementor-shape-bottom\" aria-hidden=\"true\" data-negative=\"false\">\n\t\t\t<svg xmlns=\"http:\/\/www.w3.org\/2000\/svg\" viewBox=\"0 0 1000 100\" preserveAspectRatio=\"none\">\n\t<path class=\"elementor-shape-fill\" opacity=\"0.33\" d=\"M473,67.3c-203.9,88.3-263.1-34-320.3,0C66,119.1,0,59.7,0,59.7V0h1000v59.7 c0,0-62.1,26.1-94.9,29.3c-32.8,3.3-62.8-12.3-75.8-22.1C806,49.6,745.3,8.7,694.9,4.7S492.4,59,473,67.3z\"\/>\n\t<path class=\"elementor-shape-fill\" opacity=\"0.66\" d=\"M734,67.3c-45.5,0-77.2-23.2-129.1-39.1c-28.6-8.7-150.3-10.1-254,39.1 s-91.7-34.4-149.2,0C115.7,118.3,0,39.8,0,39.8V0h1000v36.5c0,0-28.2-18.5-92.1-18.5C810.2,18.1,775.7,67.3,734,67.3z\"\/>\n\t<path class=\"elementor-shape-fill\" d=\"M766.1,28.9c-200-57.5-266,65.5-395.1,19.5C242,1.8,242,5.4,184.8,20.6C128,35.8,132.3,44.9,89.9,52.5C28.6,63.7,0,0,0,0 h1000c0,0-9.9,40.9-83.6,48.1S829.6,47,766.1,28.9z\"\/>\n<\/svg>\t\t<\/div>\n\t\t\t\t\t<div class=\"elementor-container elementor-column-gap-default\">\n\t\t\t\t\t<div class=\"elementor-column elementor-col-100 elementor-top-column elementor-element elementor-element-fb0e606\" data-id=\"fb0e606\" data-element_type=\"column\" data-e-type=\"column\">\n\t\t\t<div class=\"elementor-widget-wrap elementor-element-populated\">\n\t\t\t\t\t\t<div class=\"elementor-element elementor-element-975000e elementor-widget elementor-widget-heading\" data-id=\"975000e\" data-element_type=\"widget\" data-e-type=\"widget\" data-widget_type=\"heading.default\">\n\t\t\t\t<div class=\"elementor-widget-container\">\n\t\t\t\t\t<h2 class=\"elementor-heading-title elementor-size-default\">Simposio 3: La gesti\u00f3n de la calidad de los procesos y programas universitarios para la formaci\u00f3n de los profesionales de la educaci\u00f3n\n<\/h2>\t\t\t\t<\/div>\n\t\t\t\t<\/div>\n\t\t\t\t<div class=\"elementor-element elementor-element-8559401 elementor-widget elementor-widget-video\" data-id=\"8559401\" data-element_type=\"widget\" data-e-type=\"widget\" data-settings=\"{&quot;youtube_url&quot;:&quot;https:\\\/\\\/www.youtube.com\\\/watch?v=UZnfZ-38zeQ&quot;,&quot;autoplay&quot;:&quot;yes&quot;,&quot;show_image_overlay&quot;:&quot;yes&quot;,&quot;image_overlay&quot;:{&quot;url&quot;:&quot;http:\\\/\\\/eventos.ucpejv.edu.cu\\\/tema3\\\/wp-content\\\/uploads\\\/sites\\\/4\\\/2023\\\/04\\\/Pantallas.jpg&quot;,&quot;id&quot;:199,&quot;size&quot;:&quot;&quot;,&quot;alt&quot;:&quot;&quot;,&quot;source&quot;:&quot;library&quot;},&quot;video_type&quot;:&quot;youtube&quot;,&quot;controls&quot;:&quot;yes&quot;}\" data-widget_type=\"video.default\">\n\t\t\t\t<div class=\"elementor-widget-container\">\n\t\t\t\t\t\t\t<div class=\"elementor-wrapper elementor-open-inline\">\n\t\t\t<div class=\"elementor-video\"><\/div>\t\t\t\t<div class=\"elementor-custom-embed-image-overlay\" style=\"background-image: url(http:\/\/eventos.ucpejv.edu.cu\/tema3\/wp-content\/uploads\/sites\/4\/2023\/04\/Pantallas.jpg);\">\n\t\t\t\t\t\t\t\t\t\t\t\t\t\t\t\t<div class=\"elementor-custom-embed-play\" role=\"button\" aria-label=\"Reproducir v\u00eddeo\" tabindex=\"0\">\n\t\t\t\t\t\t\t<i aria-hidden=\"true\" class=\"eicon-play\"><\/i>\t\t\t\t\t\t<\/div>\n\t\t\t\t\t\t\t\t\t<\/div>\n\t\t\t\t\t<\/div>\n\t\t\t\t\t\t<\/div>\n\t\t\t\t<\/div>\n\t\t\t\t<div class=\"elementor-element elementor-element-00ce7c9 elementor-widget elementor-widget-text-editor\" data-id=\"00ce7c9\" data-element_type=\"widget\" data-e-type=\"widget\" data-widget_type=\"text-editor.default\">\n\t\t\t\t<div class=\"elementor-widget-container\">\n\t\t\t\t\t\t\t\t\t<h3 style=\"text-align: center;\"><span style=\"color: #ffffff;\">TALLERES:<\/span><br \/><span style=\"color: #ffffff;\">\u2981 La superaci\u00f3n profesional y el posgrado en el desarrollo de los recursos humanos.<\/span><br \/><span style=\"color: #ffffff;\">Coordinadores: <\/span><\/h3><h3 style=\"text-align: center;\"><span style=\"color: #ffffff;\">Dr. C. Lisbet Aragon\u00e9s Lafita<\/span><br \/><span style=\"color: #ffffff;\">Dr. C. Yasser Mart\u00edn Guill\u00e9n<\/span><\/h3><h3 style=\"text-align: center;\"><span style=\"color: #ffffff;\">\u2981 La internacionalizaci\u00f3n de la educaci\u00f3n superior. Diversidad cultural y racialidad.<\/span><br \/><span style=\"color: #ffffff;\">Coordinadores: <\/span><\/h3><h3 style=\"text-align: center;\"><span style=\"color: #ffffff;\">Dr. C. Ihosvanni Gonz\u00e1lez Duquesne<\/span><br \/><span style=\"color: #ffffff;\">Dr. C. Luisa Manuela Mart\u00ednez O\u00b4Farrill<\/span><br \/><span style=\"color: #ffffff;\">Dr. C. Isora Justina Enr\u00edquez O\u00b4Farrill<\/span><\/h3><h3 style=\"text-align: center;\"><span style=\"color: #ffffff;\">\u2981 La gesti\u00f3n de la calidad en la direcci\u00f3n de las instituciones educativas.<\/span><br \/><span style=\"color: #ffffff;\">Coordinadora: <\/span><\/h3><h3 style=\"text-align: center;\"><span style=\"color: #ffffff;\">Dr. C. Dalia Herrera Serrano<\/span><\/h3>\t\t\t\t\t\t\t\t<\/div>\n\t\t\t\t<\/div>\n\t\t\t\t<div class=\"elementor-element elementor-element-ba0a054 elementor-align-center elementor-widget elementor-widget-button\" data-id=\"ba0a054\" data-element_type=\"widget\" data-e-type=\"widget\" data-widget_type=\"button.default\">\n\t\t\t\t<div class=\"elementor-widget-container\">\n\t\t\t\t\t\t\t\t\t<div class=\"elementor-button-wrapper\">\n\t\t\t\t\t<a class=\"elementor-button elementor-button-link elementor-size-sm\" href=\"http:\/\/eventos.ucpejv.edu.cu\/tema3\/ponencias-3\/\">\n\t\t\t\t\t\t<span class=\"elementor-button-content-wrapper\">\n\t\t\t\t\t\t\t\t\t<span class=\"elementor-button-text\">Ponencias<\/span>\n\t\t\t\t\t<\/span>\n\t\t\t\t\t<\/a>\n\t\t\t\t<\/div>\n\t\t\t\t\t\t\t\t<\/div>\n\t\t\t\t<\/div>\n\t\t\t\t<div class=\"elementor-element elementor-element-6a39bc3 elementor-widget-divider--view-line elementor-widget elementor-widget-divider\" data-id=\"6a39bc3\" data-element_type=\"widget\" data-e-type=\"widget\" data-widget_type=\"divider.default\">\n\t\t\t\t<div class=\"elementor-widget-container\">\n\t\t\t\t\t\t\t<div class=\"elementor-divider\">\n\t\t\t<span class=\"elementor-divider-separator\">\n\t\t\t\t\t\t<\/span>\n\t\t<\/div>\n\t\t\t\t\t\t<\/div>\n\t\t\t\t<\/div>\n\t\t\t\t<section class=\"elementor-section elementor-inner-section elementor-element elementor-element-7160241 elementor-section-boxed elementor-section-height-default elementor-section-height-default\" data-id=\"7160241\" data-element_type=\"section\" data-e-type=\"section\">\n\t\t\t\t\t\t<div class=\"elementor-container elementor-column-gap-default\">\n\t\t\t\t\t<div class=\"elementor-column elementor-col-100 elementor-inner-column elementor-element elementor-element-85d66e2\" data-id=\"85d66e2\" data-element_type=\"column\" data-e-type=\"column\">\n\t\t\t<div class=\"elementor-widget-wrap\">\n\t\t\t\t\t\t\t<\/div>\n\t\t<\/div>\n\t\t\t\t\t<\/div>\n\t\t<\/section>\n\t\t\t\t\t<\/div>\n\t\t<\/div>\n\t\t\t\t\t<\/div>\n\t\t<\/section>\n\t\t\t\t<\/div>\n\t\t","protected":false},"excerpt":{"rendered":"<p>Simposio 3: La gesti\u00f3n de la calidad de los procesos y programas universitarios para la formaci\u00f3n de los profesionales de la educaci\u00f3n https:\/\/www.youtube.com\/watch?v=UZnfZ-38zeQ TALLERES:\u2981 La superaci\u00f3n profesional y el posgrado en el desarrollo de los recursos humanos.Coordinadores: Dr. C. Lisbet Aragon\u00e9s LafitaDr. C. Yasser Mart\u00edn Guill\u00e9n \u2981 La internacionalizaci\u00f3n de la educaci\u00f3n superior. Diversidad cultural [&hellip;]<\/p>\n","protected":false},"author":1,"featured_media":0,"parent":0,"menu_order":0,"comment_status":"closed","ping_status":"closed","template":"","meta":{"_bbp_topic_count":0,"_bbp_reply_count":0,"_bbp_total_topic_count":0,"_bbp_total_reply_count":0,"_bbp_voice_count":0,"_bbp_anonymous_reply_count":0,"_bbp_topic_count_hidden":0,"_bbp_reply_count_hidden":0,"_bbp_forum_subforum_count":0,"_crdt_document":"","_uag_custom_page_level_css":"","footnotes":""},"class_list":["post-13","page","type-page","status-publish","hentry","has-post-title","has-post-date","has-post-category","has-post-tag","has-post-comment","has-post-author",""],"uagb_featured_image_src":{"full":false,"thumbnail":false,"medium":false,"medium_large":false,"large":false,"1536x1536":false,"2048x2048":false},"uagb_author_info":{"display_name":"admin","author_link":"http:\/\/eventos.ucpejv.edu.cu\/tema3\/author\/admin\/"},"uagb_comment_info":0,"uagb_excerpt":"Simposio 3: La gesti\u00f3n de la calidad de los procesos y programas universitarios para la formaci\u00f3n de los profesionales de la educaci\u00f3n https:\/\/www.youtube.com\/watch?v=UZnfZ-38zeQ TALLERES:\u2981 La superaci\u00f3n profesional y el posgrado en el desarrollo de los recursos humanos.Coordinadores: Dr. C. Lisbet Aragon\u00e9s LafitaDr. C. Yasser Mart\u00edn Guill\u00e9n \u2981 La internacionalizaci\u00f3n de la educaci\u00f3n superior. Diversidad cultural&hellip;","_links":{"self":[{"href":"http:\/\/eventos.ucpejv.edu.cu\/tema3\/wp-json\/wp\/v2\/pages\/13","targetHints":{"allow":["GET"]}}],"collection":[{"href":"http:\/\/eventos.ucpejv.edu.cu\/tema3\/wp-json\/wp\/v2\/pages"}],"about":[{"href":"http:\/\/eventos.ucpejv.edu.cu\/tema3\/wp-json\/wp\/v2\/types\/page"}],"author":[{"embeddable":true,"href":"http:\/\/eventos.ucpejv.edu.cu\/tema3\/wp-json\/wp\/v2\/users\/1"}],"replies":[{"embeddable":true,"href":"http:\/\/eventos.ucpejv.edu.cu\/tema3\/wp-json\/wp\/v2\/comments?post=13"}],"version-history":[{"count":66,"href":"http:\/\/eventos.ucpejv.edu.cu\/tema3\/wp-json\/wp\/v2\/pages\/13\/revisions"}],"predecessor-version":[{"id":355,"href":"http:\/\/eventos.ucpejv.edu.cu\/tema3\/wp-json\/wp\/v2\/pages\/13\/revisions\/355"}],"wp:attachment":[{"href":"http:\/\/eventos.ucpejv.edu.cu\/tema3\/wp-json\/wp\/v2\/media?parent=13"}],"curies":[{"name":"wp","href":"https:\/\/api.w.org\/{rel}","templated":true}]}}

<div data-elementor-type="wp-page" data-elementor-id="13" class="elementor elementor-13">
						<section class="elementor-section elementor-top-section elementor-element elementor-element-2984f26 elementor-section-boxed elementor-section-height-default elementor-section-height-default" data-id="2984f26" data-element_type="section" data-e-type="section" data-settings="{&quot;background_background&quot;:&quot;classic&quot;,&quot;shape_divider_bottom&quot;:&quot;mountains&quot;}">
							<div class="elementor-background-overlay"></div>
						<div class="elementor-shape elementor-shape-bottom" aria-hidden="true" data-negative="false">
			<svg xmlns="http://www.w3.org/2000/svg" viewBox="0 0 1000 100" preserveAspectRatio="none">
	<path class="elementor-shape-fill" opacity="0.33" d="M473,67.3c-203.9,88.3-263.1-34-320.3,0C66,119.1,0,59.7,0,59.7V0h1000v59.7 c0,0-62.1,26.1-94.9,29.3c-32.8,3.3-62.8-12.3-75.8-22.1C806,49.6,745.3,8.7,694.9,4.7S492.4,59,473,67.3z"/>
	<path class="elementor-shape-fill" opacity="0.66" d="M734,67.3c-45.5,0-77.2-23.2-129.1-39.1c-28.6-8.7-150.3-10.1-254,39.1 s-91.7-34.4-149.2,0C115.7,118.3,0,39.8,0,39.8V0h1000v36.5c0,0-28.2-18.5-92.1-18.5C810.2,18.1,775.7,67.3,734,67.3z"/>
	<path class="elementor-shape-fill" d="M766.1,28.9c-200-57.5-266,65.5-395.1,19.5C242,1.8,242,5.4,184.8,20.6C128,35.8,132.3,44.9,89.9,52.5C28.6,63.7,0,0,0,0 h1000c0,0-9.9,40.9-83.6,48.1S829.6,47,766.1,28.9z"/>
</svg>		</div>
					<div class="elementor-container elementor-column-gap-default">
					<div class="elementor-column elementor-col-100 elementor-top-column elementor-element elementor-element-fb0e606" data-id="fb0e606" data-element_type="column" data-e-type="column">
			<div class="elementor-widget-wrap elementor-element-populated">
						<div class="elementor-element elementor-element-975000e elementor-widget elementor-widget-heading" data-id="975000e" data-element_type="widget" data-e-type="widget" data-widget_type="heading.default">
				<div class="elementor-widget-container">
					<h2 class="elementor-heading-title elementor-size-default">Simposio 3: La gestión de la calidad de los procesos y programas universitarios para la formación de los profesionales de la educación
</h2>				</div>
				</div>
				<div class="elementor-element elementor-element-8559401 elementor-widget elementor-widget-video" data-id="8559401" data-element_type="widget" data-e-type="widget" data-settings="{&quot;youtube_url&quot;:&quot;https:\/\/www.youtube.com\/watch?v=UZnfZ-38zeQ&quot;,&quot;autoplay&quot;:&quot;yes&quot;,&quot;show_image_overlay&quot;:&quot;yes&quot;,&quot;image_overlay&quot;:{&quot;url&quot;:&quot;http:\/\/eventos.ucpejv.edu.cu\/tema3\/wp-content\/uploads\/sites\/4\/2023\/04\/Pantallas.jpg&quot;,&quot;id&quot;:199,&quot;size&quot;:&quot;&quot;,&quot;alt&quot;:&quot;&quot;,&quot;source&quot;:&quot;library&quot;},&quot;video_type&quot;:&quot;youtube&quot;,&quot;controls&quot;:&quot;yes&quot;}" data-widget_type="video.default">
				<div class="elementor-widget-container">
							<div class="elementor-wrapper elementor-open-inline">
			<div class="elementor-video"></div>				<div class="elementor-custom-embed-image-overlay" style="background-image: url(http://eventos.ucpejv.edu.cu/tema3/wp-content/uploads/sites/4/2023/04/Pantallas.jpg);">
																<div class="elementor-custom-embed-play" role="button" aria-label="Reproducir vídeo" tabindex="0">
							<i aria-hidden="true" class="eicon-play"></i>						</div>
									</div>
					</div>
						</div>
				</div>
				<div class="elementor-element elementor-element-00ce7c9 elementor-widget elementor-widget-text-editor" data-id="00ce7c9" data-element_type="widget" data-e-type="widget" data-widget_type="text-editor.default">
				<div class="elementor-widget-container">
									<h3 style="text-align: center;"><span style="color: #ffffff;">TALLERES:</span><br /><span style="color: #ffffff;">⦁ La superación profesional y el posgrado en el desarrollo de los recursos humanos.</span><br /><span style="color: #ffffff;">Coordinadores: </span></h3><h3 style="text-align: center;"><span style="color: #ffffff;">Dr. C. Lisbet Aragonés Lafita</span><br /><span style="color: #ffffff;">Dr. C. Yasser Martín Guillén</span></h3><h3 style="text-align: center;"><span style="color: #ffffff;">⦁ La internacionalización de la educación superior. Diversidad cultural y racialidad.</span><br /><span style="color: #ffffff;">Coordinadores: </span></h3><h3 style="text-align: center;"><span style="color: #ffffff;">Dr. C. Ihosvanni González Duquesne</span><br /><span style="color: #ffffff;">Dr. C. Luisa Manuela Martínez O´Farrill</span><br /><span style="color: #ffffff;">Dr. C. Isora Justina Enríquez O´Farrill</span></h3><h3 style="text-align: center;"><span style="color: #ffffff;">⦁ La gestión de la calidad en la dirección de las instituciones educativas.</span><br /><span style="color: #ffffff;">Coordinadora: </span></h3><h3 style="text-align: center;"><span style="color: #ffffff;">Dr. C. Dalia Herrera Serrano</span></h3>								</div>
				</div>
				<div class="elementor-element elementor-element-ba0a054 elementor-align-center elementor-widget elementor-widget-button" data-id="ba0a054" data-element_type="widget" data-e-type="widget" data-widget_type="button.default">
				<div class="elementor-widget-container">
									<div class="elementor-button-wrapper">
					<a class="elementor-button elementor-button-link elementor-size-sm" href="http://eventos.ucpejv.edu.cu/tema3/ponencias-3/">
						<span class="elementor-button-content-wrapper">
									<span class="elementor-button-text">Ponencias</span>
					</span>
					</a>
				</div>
								</div>
				</div>
				<div class="elementor-element elementor-element-6a39bc3 elementor-widget-divider--view-line elementor-widget elementor-widget-divider" data-id="6a39bc3" data-element_type="widget" data-e-type="widget" data-widget_type="divider.default">
				<div class="elementor-widget-container">
							<div class="elementor-divider">
			<span class="elementor-divider-separator">
						</span>
		</div>
						</div>
				</div>
				<section class="elementor-section elementor-inner-section elementor-element elementor-element-7160241 elementor-section-boxed elementor-section-height-default elementor-section-height-default" data-id="7160241" data-element_type="section" data-e-type="section">
						<div class="elementor-container elementor-column-gap-default">
					<div class="elementor-column elementor-col-100 elementor-inner-column elementor-element elementor-element-85d66e2" data-id="85d66e2" data-element_type="column" data-e-type="column">
			<div class="elementor-widget-wrap">
							</div>
		</div>
					</div>
		</section>
					</div>
		</div>
					</div>
		</section>
				</div>

<p>Simposio 3: La gestión de la calidad de los procesos y programas universitarios para la formación de los profesionales de la educación https://www.youtube.com/watch?v=UZnfZ-38zeQ TALLERES:⦁ La superación profesional y el posgrado en el desarrollo de los recursos humanos.Coordinadores: Dr. C. Lisbet Aragonés LafitaDr. C. Yasser Martín Guillén ⦁ La internacionalización de la educación superior. Diversidad cultural [&hellip;]</p>

Simposio 3: La gestión de la calidad de los procesos y programas universitarios para la formación de los profesionales de la educación https://www.youtube.com/watch?v=UZnfZ-38zeQ TALLERES:⦁ La superación profesional y el posgrado en el desarrollo de los recursos humanos.Coordinadores: Dr. C. Lisbet Aragonés LafitaDr. C. Yasser Martín Guillén ⦁ La internacionalización de la educación superior. Diversidad cultural&hellip;
